{"id":1408,"date":"2025-09-04T15:34:35","date_gmt":"2025-09-04T13:34:35","guid":{"rendered":"https:\/\/ch-chalon71.fr\/hygiene\/inscription-formateur-formatrice\/"},"modified":"2025-09-04T16:22:17","modified_gmt":"2025-09-04T14:22:17","slug":"inscription-formateur-formatrice","status":"publish","type":"page","link":"https:\/\/ch-chalon71.fr\/hygiene\/inscription-formateur-formatrice\/","title":{"rendered":"Inscription formateur\/formatrice"},"content":{"rendered":"\n\n\t<div id=\"tutor-registration-wrap\">\n\n\t\t\n\t\t<form method=\"post\" enctype=\"multipart\/form-data\" id=\"tutor-registration-form\">\n\n\t\t\t\n\t\t\t<input type=\"hidden\" id=\"_tutor_nonce\" name=\"_tutor_nonce\" value=\"9b452a8eac\" \/><input type=\"hidden\" name=\"_wp_http_referer\" value=\"\/hygiene\/wp-json\/wp\/v2\/pages\/1408\" \/>\t\t\t<input type=\"hidden\" value=\"tutor_register_instructor\" name=\"tutor_action\"\/>\n\n\t\t\t\n\t\t\t<div class=\"tutor-form-row\">\n\t\t\t\t<div class=\"tutor-form-col-6\">\n\t\t\t\t\t<div class=\"tutor-form-group\">\n\t\t\t\t\t\t<label>\n\t\t\t\t\t\t\tPr\u00e9nom\t\t\t\t\t\t<\/label>\n\n\t\t\t\t\t\t<input type=\"text\" name=\"first_name\" value=\"\" placeholder=\"Pr\u00e9nom\" required autocomplete=\"given-name\">\n\t\t\t\t\t<\/div>\n\t\t\t\t<\/div>\n\n\t\t\t\t<div class=\"tutor-form-col-6\">\n\t\t\t\t\t<div class=\"tutor-form-group\">\n\t\t\t\t\t\t<label>\n\t\t\t\t\t\t\tNom de famille\t\t\t\t\t\t<\/label>\n\n\t\t\t\t\t\t<input type=\"text\" name=\"last_name\" value=\"\" placeholder=\"Nom de famille\" required autocomplete=\"family-name\">\n\t\t\t\t\t<\/div>\n\t\t\t\t<\/div>\n\n\n\t\t\t<\/div>\n\n\t\t\t<div class=\"tutor-form-row\">\n\n\t\t\t\t<div class=\"tutor-form-col-6\">\n\t\t\t\t\t<div class=\"tutor-form-group\">\n\t\t\t\t\t\t<label>\n\t\t\t\t\t\t\tNom de l\u2019utilisateur ou de l\u2019utilisatrice\t\t\t\t\t\t<\/label>\n\n\t\t\t\t\t\t<input type=\"text\" name=\"user_login\" class=\"tutor_user_name\" value=\"\" placeholder=\"Nom de l\u2019utilisateur ou de l\u2019utilisatrice\" required autocomplete=\"username\">\n\t\t\t\t\t<\/div>\n\t\t\t\t<\/div>\n\n\t\t\t\t<div class=\"tutor-form-col-6\">\n\t\t\t\t\t<div class=\"tutor-form-group\">\n\t\t\t\t\t\t<label>\n\t\t\t\t\t\t\tAdresse e-mail\t\t\t\t\t\t<\/label>\n\n\t\t\t\t\t\t<input type=\"text\" name=\"email\" value=\"\" placeholder=\"Adresse e-mail\" required autocomplete=\"email\">\n\t\t\t\t\t<\/div>\n\t\t\t\t<\/div>\n\n\t\t\t<\/div>\n\n\t\t\t<div class=\"tutor-form-row\">\n\t\t\t\t<div class=\"tutor-form-col-6\">\n\t\t\t\t\t<div class=\"tutor-form-group\">\n\t\t\t\t\t\t<div class=\"tutor-password-strength-checker\">\n\t\t\t\t\t\t\t<div class=\"tutor-password-field\">\n\t\t\t\t\t\t\t\t<label>\n\t\t\t\t\t\t\t\t\tMot de passe\t\t\t\t\t\t\t\t<\/label>\n\n\t\t\t\t\t\t\t\t<input class=\"password-checker\" id=\"tutor-new-password\" type=\"password\" name=\"password\" value=\"\" placeholder=\"Mot de passe\" required autocomplete=\"new-password\">\n\t\t\t\t\t\t\t\t<span class=\"show-hide-btn\"><\/span>\n\t\t\t\t\t\t\t<\/div>\n\t\t\t\t\t\t\t<div class=\"tutor-password-strength-hint\">\n\t\t\t\t\t\t\t\t<div class=\"indicator\">\n\t\t\t\t\t\t\t\t\t<span class=\"weak\"><\/span>\n\t\t\t\t\t\t\t\t\t<span class=\"medium\"><\/span>\n\t\t\t\t\t\t\t\t\t<span class=\"strong\"><\/span>\n\t\t\t\t\t\t\t\t<\/div>\n\t\t\t\t\t\t\t\t<div class=\"text tutor-fs-7 tutor-color-muted\"><\/div>\n\t\t\t\t\t\t\t<\/div>\n\t\t\t\t\t\t<\/div>\n\t\t\t\t\t<\/div>\n\t\t\t\t<\/div>\n\n\t\t\t\t<div class=\"tutor-form-col-6\">\n\t\t\t\t\t<div class=\"tutor-form-group\">\n\t\t\t\t\t\t<label>\n\t\t\t\t\t\t\tConfirmation du mot de passe\t\t\t\t\t\t<\/label>\n\n\t\t\t\t\t\t<div class=\"tutor-form-wrap\">\n\t\t\t\t\t\t\t<span class=\"tutor-validation-icon tutor-icon-mark tutor-color-success tutor-form-icon tutor-form-icon-reverse\" style=\"display: none;\"><\/span>\n\t\t\t\t\t\t\t<input type=\"password\" name=\"password_confirmation\" value=\"\" placeholder=\"Confirmation du mot de passe\" required autocomplete=\"new-password\" style=\"margin-bottom: 0;\">\n\t\t\t\t\t\t<\/div>\n\t\t\t\t\t<\/div>\n\t\t\t\t<\/div>\n\t\t\t<\/div>\n\n\t\t\t<div class=\"tutor-form-row\">\n\t\t\t\t<div class=\"tutor-form-col-12\">\n\t\t\t\t\t<div class=\"tutor-form-group\">\n\t\t\t\t\t\t<p><label for=\"first_name\">Pr\u00e9nom <span class=\"req\">(required)<\/span><\/label><input name=\"first_name\" type=\"text\" id=\"first_name\" value=\"\" class=\"input\" required  \/><\/p><p><label for=\"last_name\">Nom <span class=\"req\">(required)<\/span><\/label><input name=\"last_name\" type=\"text\" id=\"last_name\" value=\"\" class=\"input\" required  \/><\/p><p><label for=\"billing_address_1\">Adresse<\/label><input name=\"billing_address_1\" type=\"text\" id=\"billing_address_1\" value=\"\" class=\"input\" \/><\/p><p><label for=\"billing_postcode\">CP<\/label><input name=\"billing_postcode\" type=\"text\" id=\"billing_postcode\" value=\"\" class=\"input\" \/><\/p><p><label for=\"billing_city\">Ville<\/label><input name=\"billing_city\" type=\"text\" id=\"billing_city\" value=\"\" class=\"input\" \/><\/p><p><label for=\"password\">Mot de passe <span class=\"req\">(required)<\/span><\/label><input name=\"password\" type=\"password\" id=\"password\" class=\"input\" required  \/><\/p><p><label for=\"confirm_password\">Confirmer le mot de passe <span class=\"req\">(required)<\/span><\/label><input name=\"confirm_password\" type=\"password\" id=\"confirm_password\" class=\"input\" required  \/><\/p><p class=\"wpmem-checkbox\"><input name=\"optin\" type=\"checkbox\" id=\"optin\" value=\"True\" \/><label for=\"optin\">En soumettant ce formulaire, j'accepte que les informations saisies soient utilis\u00e9es dans le cadre de la connexion \u00e0 l'espace priv\u00e9 de ce site. <span class=\"req\">(required)<\/span><\/label><\/p>\t\t\t\t\t<\/div>\n\t\t\t\t<\/div>\n\t\t\t<\/div> \n\n\t\t\t\n\t\t\t\n\t\t\t\n\t\t\t<div>\n\t\t\t\t<button type=\"submit\" name=\"tutor_register_instructor_btn\" value=\"register\" class=\"tutor-btn tutor-btn-primary tutor-btn-block\">S\u2019inscrire en tant que formateur ou formatrice<\/button>\n\t\t\t<\/div>\n\t\t\t\n\t\t<\/form>\n\t\t\t<\/div>\n\n\t","protected":false},"excerpt":{"rendered":"<p>Pr\u00e9nom Nom de famille Nom de l\u2019utilisateur ou de l\u2019utilisatrice Adresse e-mail Mot de passe Confirmation du mot de passe Pr\u00e9nom (required)Nom (required)AdresseCPVilleMot de passe (required)Confirmer le mot de passe (required)En soumettant ce formulaire, j&rsquo;accepte que les informations saisies soient utilis\u00e9es dans le cadre de la connexion \u00e0 l&rsquo;espace priv\u00e9 de ce site. (required) S\u2019inscrire [&hellip;]<\/p>\n","protected":false},"author":10,"featured_media":0,"parent":0,"menu_order":1,"comment_status":"closed","ping_status":"closed","template":"","meta":{"_acf_changed":false,"footnotes":""},"class_list":["post-1408","page","type-page","status-publish","hentry"],"acf":[],"_links":{"self":[{"href":"https:\/\/ch-chalon71.fr\/hygiene\/wp-json\/wp\/v2\/pages\/1408","targetHints":{"allow":["GET"]}}],"collection":[{"href":"https:\/\/ch-chalon71.fr\/hygiene\/wp-json\/wp\/v2\/pages"}],"about":[{"href":"https:\/\/ch-chalon71.fr\/hygiene\/wp-json\/wp\/v2\/types\/page"}],"author":[{"embeddable":true,"href":"https:\/\/ch-chalon71.fr\/hygiene\/wp-json\/wp\/v2\/users\/10"}],"replies":[{"embeddable":true,"href":"https:\/\/ch-chalon71.fr\/hygiene\/wp-json\/wp\/v2\/comments?post=1408"}],"version-history":[{"count":1,"href":"https:\/\/ch-chalon71.fr\/hygiene\/wp-json\/wp\/v2\/pages\/1408\/revisions"}],"predecessor-version":[{"id":1428,"href":"https:\/\/ch-chalon71.fr\/hygiene\/wp-json\/wp\/v2\/pages\/1408\/revisions\/1428"}],"wp:attachment":[{"href":"https:\/\/ch-chalon71.fr\/hygiene\/wp-json\/wp\/v2\/media?parent=1408"}],"curies":[{"name":"wp","href":"https:\/\/api.w.org\/{rel}","templated":true}]}}